 + 294276?
294277
In base 6, what is 32331030 - -3?
32331033
In base 11, what is -26559 + -4?
-26562
In base 11, what is 1 + 53242?
53243
In base 5, what is 20321 - -13?
20334
In base 13, what is 5 + -32c81?
-32c79
In base 12, what is -868a - 5?
-8693
In base 4, what is 11 - -11112?
11123
In base 4, what is -2 + -2303111?
-2303113
In base 7, what is -366655 + -113?
-400101
In base 11, what is 51 + 511?
562
In base 10, what is 309 + 2371?
2680
In base 6, what is -1041 - -21103?
20022
In base 11, what is -720685 - -4?
-720681
In base 3, what is 202020021112 - 2?
202020021110
In base 9, what is 10835 + -23?
10812
In base 6, what is 0 + 214134?
214134
In base 13, what is -6 - -20662?
20659
In base 8, what is 1703301 - -4?
1703305
In base 15, what is 7095e - 5?
70959
In base 3, what is 12011110 - 1000?
12010110
In base 6, what is 1250 + 1031?
2321
In base 3, what is 101022112211 + 0?
101022112211
In base 12, what is -5 + -2b45?
-2b4a
In base 14, what is 27 + 603d?
6066
In base 7, what is 14 - -344101?
344115
In base 6, what is 2241 + -23?
2214
In base 10, what is -190584 + -4?
-190588
In base 11, what is 37 - -29?
65
In base 7, what is -225246 + -5?
-225254
In base 11, what is -9089809 + -1?
-908980a
In base 8, what is 1062 + -14561?
-13477
In base 6, what is 135530 + -12?
135514
In base 2, what is 1 + -11000110001001011?
-11000110001001010
In base 12, what is 26a8 + -21?
2687
In base 2, what is -1 - -110110101001?
110110101000
In base 4, what is 32 + -1133103000?
-1133102302
In base 14, what is 8 - 11971?
-11967
In base 5, what is 41 - -4104?
4200
In base 11, what is 6 - 7012?
-7007
In base 9, what is -11 + -3113?
-3124
In base 14, what is 72ab2 - 1?
72ab1
In base 6, what is -1332 - 1225?
-3001
In base 9, what is -6 - -116530?
116523
In base 5, what is -111413 + -1020?
-112433
In base 15, what is -3 + 1a74?
1a71
In base 10, what is 45 + 1705?
1750
In base 9, what is -3 - -12326?
12323
In base 13, what is -5 - 7b61?
-7b66
In base 2, what is 111010 + -1001110001001110?
-1001110000010100
In base 3, what is 111 - 1101010211?
-1101010100
In base 12, what is -15197 - 20?
-151b7
In base 6, what is -32040 - 1055?
-33135
In base 2, what is 1 + 1000100011011000?
1000100011011001
In base 4, what is -31 - -2221113?
2221022
In base 15, what is 3 + 169e?
16a2
In base 2, what is -11001010110000 - -10111?
-11001010011001
In base 10, what is -21 - 4280?
-4301
In base 7, what is 44445 - 2?
44443
In base 6, what is 204012 + 0?
204012
In base 12, what is -870 + 32?
-83a
In base 2, what is -110111001110110010 - 11?
-110111001110110101
In base 15, what is -4b0d - 90?
-4b9d
In base 8, what is 3 + 307004?
307007
In base 3, what is -1 - 22221002?
-22221010
In base 14, what is 50839 + 3?
5083c
In base 14, what is -46 + -26c?
-2b4
In base 5, what is -1 - -43411404?
43411403
In base 4, what is -300030 - -30133?
-203231
In base 10, what is -954 - 1694?
-2648
In base 10, what is 27610 - 2?
27608
In base 13, what is -1052 - -12?
-1040
In base 6, what is -32053310 - 4?
-32053314
In base 2, what is 1 + 1001111001011010010?
1001111001011010011
In base 7, what is -512 + 30?
-452
In base 11, what is 7 - 2724?
-2718
In base 9, what is -2151 + -144?
-2305
In base 9, what is -4570 + 1?
-4568
In base 13, what is 3 + -17411?
-1740b
In base 9, what is -5 - -1302672?
1302666
In base 13, what is -6113 - 29?
-613c
In base 8, what is 402 - -1120?
1522
In base 9, what is 31 - 8667?
-8636
In base 15, what is -27 - 67c?
-6a4
In base 6, what is 5 - 151243?
-151234
In base 2, what is 1100110111011100 + -101?
1100110111010111
In base 3, what is -21111 - 10112100?
-10210211
In base 5, what is 23302010 + -2?
23302003
In base 5, what is -11330323 - 4?
-11330332
In base 16, what is -2 + -15d930?
-15d932
In base 11, what is 15275 + -5?
15270
In base 8, what is -10 - -26651?
26641
In base 12, what is -4 + 150a89?
150a85
In base 16, what is 2 + 19d6?
19d8
In base 14, what is -343c5 + -4?
-343c9
In base 5, what is 244 - -13303?
14102
In base 15, what is -7215c - 5?
-72162
In base 7, what is 5 + -2552211?
-2552203
In base 15, what is 0 - 1c61?
-1c61
In base 14, what is 0 - 2a95?
-2a95
In base 8, what is 221 - -4703?
5124
In base 15, what is 2 + 221b?
221d
In base 14, what is -1c - -a?
-12
In base 9, what is -11 - -36181?
36170
In base 7, what is 230 + 1126?
1356
In base 14, what is -1 - -2c86?
2c85
In base 10, what is 107096 + -5?
107091
In base 8, what is -173417 - 164?
-173603
In base 14, what is -32 + d9b6?
d984
In base 9, what is -125540 - 1?
-125541
In base 15, what is -11 - 4780c?
-4781d
In base 11, what is 1 - 15216?
-15215
In base 13, what is 24 - -739?
760
In base 8, what is 2277 + -610?
1467
In base 14, what is -1781 + 30?
-1751
In base 14, what is -1 + -54d29?
-54d2a
In base 4, what is 12 - -302222?
302300
In base 3, what is 111 + -221222?
-221111
In base 4, what is -1 + -10000030200?
-10000030201
In base 4, what is 10201313010 + 1?
10201313011
In base 14, what is -ddd0 - 0?
-ddd0
In base 7, what is 5 - 51003?
-50665
In base 15, what is 5 + 8765?
876a
In base 11, what is -9 - 3990?
-3999
In base 12, what is -9ab8 - -b?
-9aa9
In base 15, what is 2d4b - a?
2d41
In base 8, what is -1 - 5314?
-5315
In base 10, what is 6563996 - 5?
6563991
In base 10, what is 3 - 75570?
-75567
In base 14, what is -a3 - -8c?
-15
In base 12, what is -7a79 - -3?
-7a76
In base 2, what is 101000010100 - 1000111?
100111001101
In base 3, what is -101 - 1012011?
-1012112
In base 6, what is -24 - -31533?
31505
In base 7, what is -303 + 350?
44
In base 15, what is 1184 + 33?
11b7
In base 16, what is -46824 + -1?
-46825
In base 4, what is 1111 + -113210?
-112033
In base 16, what is 17bc51 + -1?
17bc50
In base 3, what is -2000 - 101021120?
-101100120
In base 12, what is -135 + 942?
809
In base 14, what is -170 + 32a?
19a
In base 15, what is -195e17 - 4?
-195e1b
In base 3, what is 1 + -111011211021?
-111011211020
In base 12, what is -9b8 - 17?
-a13
In base 11, what is 6a5478 + -4?
6a5474
In base 12, what is -3 + 393b47?
393b44
In base 9, what is -4585 - 7?
-4603
In base 5, what is -41423 - -120?
-41303
In base 8, what is -57 + -1072?
-1151
In base 9, what is 28110 + -3?
28106
In base 11, what is 2 + 447?
449
In base 10, what is 7 + -550818?
-550811
In base 6, what is -31331 - 4001?
-35332
In base 7, what is -303 - 150351?
-150654
In base 7, what is 2035 + -53?
1652
In base 16, what is -5 + -371a?
-371f
In base 8, what is -12 + -5707?
-5721
In base 2, what is 11 - 100001110010111011100?
-100001110010111011001
In base 7, what is -4 - -460516?
460512
In base 13, what is -77 + -8c?
-136
In base 11, what is 9926 + -51?
9885
In base 2, what is -100100001010 + -110?
-100100010000
In base 15, what is 1 + 74c8?
74c9
In base 8, what is -4 - -567455?
567451
In base 8, what is 11065 + -74?
10771
In base 10, what is 97 + -748?
-651
In base 9, what is -6 - -2400?
2383
In base 11, what is -801 + -2a?
-830
In base 8, what is 756 + 24?
1002
In base 15, what is -90d2 - -1?
-90d1
In base 8, what is 4 - 207742?
-207736
In base 5, what is 3002232 + -11?
3002221
In base 9, what is -4160 - -4?
-4155
In base 4, what is -21301120 - -10?
-21301110
In base 12, what is -173 - 262?
-415
In base 13, what is -3c1 + 485?
94
In base 5, what is 3 + 30434244?
30434302
In base 16, what is 30a863 - 1?
30a862
In base 14, what is -1d6 - -b?
-1c9
In base 2, what is 100000000010011 - -11?
100000000010110
In base 5, what is -1142144021 + 2?
-1142144014
In base 4, what is -11032230211 + 2?
-11032230203
In base 14, what is 2 + -d0cc?
-d0ca
In base 3, what is -110001111 - -222?
-110000112
In base 3, what is -10 + -111001010001?
-111001010011
In base 12, what is -b7 + b29?
a32
In base 3, what is 11020220 - -1222?
11022212
In base 5, what is 14 + 200?
214
In base 13, what is 60b + -74?
567
In base 4, what is 11 - 101031310?
-101031233
In base 12, what is 2a359 - -b?
2a368
In base 12, what is 5389 - -5?
5392
In base 16, what is -65cb + -5?
-65d0
In base 8, what is -5414 - -262?
-5132
In base 16, what is 28 - -13e?
166
In base 10, what is -604 + 90?
-514
In base 13, what is -4ab085 + -1?
-4ab086
In base 9, what is 4824 - 223?
4601
In base 10, what is -12042 - -20?
-12022
In base 3, what is -1 + -1010102120111?
-1010102120112
In base 10, what is 12333 - -2?
12335
In base 14,